 240741422?
1
What is the millions digit of 214417931?
4
What is the units digit of 96746955?
5
What is the hundred millions digit of 780614736?
7
What is the units digit of 1608231382?
2
What is the ten millions digit of 702086471?
0
What is the thousands digit of 689894193?
4
What is the units digit of 32778344?
4
What is the hundred thousands digit of 1997006537?
0
What is the tens digit of 4185267541?
4
What is the tens digit of 1554039312?
1
What is the hundred millions digit of 6365941149?
3
What is the ten millions digit of 210093401?
1
What is the units digit of 1307933437?
7
What is the units digit of 6637326394?
4
What is the hundreds digit of 239501581?
5
What is the hundreds digit of 21530489?
4
What is the thousands digit of 1432802520?
2
What is the hundred thousands digit of 598272268?
2
What is the thousands digit of 10290595?
0
What is the millions digit of 797395262?
7
What is the ten thousands digit of 366410854?
1
What is the millions digit of 74749047?
4
What is the ten millions digit of 150264126?
5
What is the billions digit of 1502489738?
1
What is the ten millions digit of 144989867?
4
What is the hundred thousands digit of 47363461?
3
What is the hundreds digit of 126675920?
9
What is the units digit of 3570520678?
8
What is the ten thousands digit of 59316613?
1
What is the millions digit of 6772392?
6
What is the hundred thousands digit of 146827557?
8
What is the thousands digit of 47866185?
6
What is the ten thousands digit of 426462397?
6
What is the tens digit of 3964625572?
7
What is the hundred thousands digit of 131435807?
4
What is the hundreds digit of 160559043?
0
What is the hundred thousands digit of 1577974266?
9
What is the ten thousands digit of 163038863?
3
What is the hundred thousands digit of 1310648782?
6
What is the millions digit of 7591596068?
1
What is the hundred thousands digit of 55439388?
4
What is the billions digit of 1681103708?
1
What is the units digit of 297328142?
2
What is the hundreds digit of 15331784?
7
What is the units digit of 44751592?
2
What is the ten millions digit of 3187256543?
8
What is the hundred thousands digit of 393847553?
8
What is the thousands digit of 105280330?
0
What is the units digit of 43878947?
7
What is the millions digit of 855134696?
5
What is the hundred millions digit of 750886625?
7
What is the ten millions digit of 746713079?
4
What is the hundred thousands digit of 1650252?
6
What is the ten thousands digit of 31447388?
4
What is the tens digit of 712924289?
8
What is the tens digit of 5219583237?
3
What is the hundred thousands digit of 89511732?
5
What is the units digit of 151703449?
9
What is the ten thousands digit of 1855678078?
7
What is the millions digit of 97378099?
7
What is the tens digit of 718600380?
8
What is the tens digit of 493346979?
7
What is the units digit of 55085509?
9
What is the units digit of 5124178?
8
What is the tens digit of 139576571?
7
What is the hundreds digit of 62050611?
6
What is the hundred millions digit of 173449155?
1
What is the millions digit of 6226323439?
6
What is the hundreds digit of 393655774?
7
What is the units digit of 121762398?
8
What is the thousands digit of 2935188227?
8
What is the ten thousands digit of 528006264?
0
What is the hundred millions digit of 173728671?
1
What is the hundred thousands digit of 510903724?
9
What is the millions digit of 173865646?
3
What is the hundreds digit of 8267754?
7
What is the ten thousands digit of 837992358?
9
What is the hundred millions digit of 2135964031?
1
What is the thousands digit of 136983889?
3
What is the thousands digit of 522547869?
7
What is the units digit of 567328020?
0
What is the thousands digit of 1044651229?
1
What is the hundred millions digit of 144856543?
1
What is the thousands digit of 387759914?
9
What is the hundred millions digit of 4326494078?
3
What is the billions digit of 7391461159?
7
What is the thousands digit of 7593984478?
4
What is the ten thousands digit of 108325373?
2
What is the millions digit of 14138339?
4
What is the hundreds digit of 4402648?
6
What is the units digit of 185148011?
1
What is the millions digit of 45612660?
5
What is the units digit of 459043774?
4
What is the millions digit of 68698309?
8
What is the ten thousands digit of 176440876?
4
What is the millions digit of 408575113?
8
What is the millions digit of 350007389?
0
What is the millions digit of 193628213?
3
What is the hundred thousands digit of 34619717?
6
What is the thousands digit of 70190874?
0
What is the hundred thousands digit of 152960902?
9
What is the units digit of 98028578?
8
What is the millions digit of 247969708?
7
What is the ten millions digit of 329915019?
2
What is the millions digit of 89872085?
9
What is the units digit of 1516498864?
4
What is the millions digit of 575897336?
5
What is the millions digit of 7491629?
7
What is the ten millions digit of 32929560?
3
What is the ten millions digit of 66550256?
6
What is the hundreds digit of 5218643445?
4
What is the millions digit of 320430993?
0
What is the hundred millions digit of 292801959?
2
What is the millions digit of 114419724?
4
What is the hundreds digit of 104427876?
8
What is the millions digit of 1593020552?
3
What is the ten millions digit of 106345213?
0
What is the ten millions digit of 78821419?
7
What is the hundreds digit of 195735148?
1
What is the ten thousands digit of 413019278?
1
What is the units digit of 202563194?
4
What is the thousands digit of 400551508?
1
What is the ten thousands digit of 367593917?
9
What is the units digit of 14877325?
5
What is the ten thousands digit of 378151872?
5
What is the thousands digit of 24532497?
2
What is the hundred thousands digit of 29922849?
9
What is the thousands digit of 1697779257?
9
What is the thousands digit of 221028470?
8
What is the ten millions digit of 44981856?
4
What is the ten thousands digit of 34167474?
6
What is the hundreds digit of 74214389?
3
What is the millions digit of 1048794438?
8
What is the hundred millions digit of 341173443?
3
What is the hundred thousands digit of 437914268?
9
What is the hundred thousands digit of 74482960?
4
What is the tens digit of 5911996?
9
What is the hundred millions digit of 186933555?
1
What is the millions digit of 411309845?
1
What is the tens digit of 467367023?
2
What is the tens digit of 101796429?
2
What is the ten thousands digit of 118014234?
1
What is the units digit of 61690987?
7
What is the units digit of 46713052?
2
What is the thousands digit of 104139192?
9
What is the tens digit of 13601083?
8
What is the hundreds digit of 490161409?
4
What is the tens digit of 6423873289?
8
What is the units digit of 3219151898?
8
What is the tens digit of 1716987310?
1
What is the hundred millions digit of 5537735772?
5
What is the ten millions digit of 45877614?
4
What is the units digit of 537109674?
4
What is the ten thousands digit of 75087199?
8
What is the hundreds digit of 337558322?
3
What is the thousands digit of 4032185807?
5
What is the units digit of 205047415?
5
What is the units digit of 4148095?
5
What is the units digit of 37138486?
6
What is the hundred thousands digit of 17576974?
5
What is the units digit of 107088989?
9
What is the hundred millions digit of 468384678?
4
What is the hundreds digit of 2484530591?
5
What is the ten millions digit of 123339910?
2
What is the ten millions digit of 23093710?
2
What is the thousands digit of 26298024?
8
What is the ten thousands digit of 175215080?
1
What is the hundreds digit of 32473733?
7
What is the ten millions digit of 88243723?
8
What is the units digit of 28434872?
2
What is the hundred millions digit of 111693387?
1
What is the hundred millions digit of 252489225?
2
What is the hundred millions digit of 2350377914?
3
What is the hundred thousands digit of 70626280?
6
What is the millions digit of 383634313?
3
What is the hundred thousands digit of 240084231?
0
What is the ten millions digit of 742834173?
4
What is the hundred thousands digit of 47607157?
6
What is the tens digit of 8544577?
7
What is the ten millions digit of 269114499?
6
What is the millions digit of 6508152360?
8
What is the units digit of 7658094163?
3
What is the ten thousands digit of 114